 r(-10).
10
Let k(z) = -2*z - 2. What is k(-5)?
8
Let d(z) = -44*z + 88. What is d(2)?
0
Let u(l) = l**3 + 24*l**2 + 24*l + 23. Calculate u(-23).
0
Let w(i) = -i**3 + 8*i**2 + 2*i + 11. Calculate w(8).
27
Let g(w) = -2*w**3 + 15*w**2 + 10*w - 12. What is g(8)?
4
Let s(f) = -4*f - 14. Give s(-5).
6
Let g(b) = b**3 - 8*b**2 + 4*b + 8. What is g(7)?
-13
Let t(g) = -18*g + 775. Determine t(43).
1
Let x(g) = g**2 - 9*g - 34. What is x(12)?
2
Let s(x) = -x**2 - 26*x - 67. Give s(-23).
2
Let w(d) = -d**3 + 21*d**2 - 110*d + 5. Calculate w(12).
-19
Let s(w) = -35*w**2 + w + 1. What is s(-1)?
-35
Let f(u) = -4*u + 34. Determine f(0).
34
Let g(o) = -o - 4. Give g(10).
-14
Let p(q) = 10*q - 55. Determine p(6).
5
Let x(j) = -j**3 - 3*j**2 - j - 7. Give x(-3).
-4
Let d(h) = -2*h**3 - 3*h**2 + 1. Calculate d(-2).
5
Let f(h) = -h**2 - 28*h - 33. Give f(-15).
162
Let d(i) = i**3 - 14*i**2 + 36*i + 5. Calculate d(10).
-35
Let j(a) = a**2 + 80*a + 573. Determine j(-72).
-3
Let z(r) = r + 19. What is z(6)?
25
Let y(c) = 8*c - 1. Calculate y(-1).
-9
Let p(u) = -u**3 - 9*u**2 - 8*u - 76. What is p(-9)?
-4
Let o(n) = -9*n + 17. Determine o(3).
-10
Let v(d) = -d**2 - 2*d + 11. Give v(4).
-13
Let a(h) = -6*h + 16. Calculate a(4).
-8
Let a(z) = 6*z + 2. Determine a(-1).
-4
Let c(r) = -r**3 + 36*r**2 - 72*r + 115. Calculate c(34).
-21
Let y(k) = -2*k**2 + 30*k + 60. Calculate y(-2).
-8
Let l(q) = q**3 - 6*q**2 - 14*q - 17. Determine l(8).
-1
Let h(n) = -n**3 - 4*n**2 + 5*n + 3. Give h(-5).
3
Let a(h) = 2*h + 23. Calculate a(-13).
-3
Let y(n) = 35*n**3 + 2*n**2 + 2*n + 1. Determine y(-1).
-34
Let l(w) = -20*w**2 + w - 1. Give l(-1).
-22
Let x(q) = -3*q**3 + q + 1. Determine x(-1).
3
Let x(v) = -v + 19. What is x(0)?
19
Let k(m) = m**2 - m - 38. Determine k(0).
-38
Let f(c) = 7*c - 22. Determine f(4).
6
Let q(p) = p**3 + 9*p**2 + p - 5. What is q(-9)?
-14
Let d(u) = 23*u**3 + 6*u**2 + 2*u. Calculate d(-1).
-19
Let t(b) = 11*b - 161. Calculate t(15).
4
Let l(u) = -u**2 - 17*u - 55. What is l(-13)?
-3
Let p(t) = -t**3 + 16*t**2 - 28*t + 10. Give p(14).
10
Let j(y) = 10*y - 83. Calculate j(9).
7
Let r(b) = b**3 + 7*b**2 - b - 15. Determine r(-7).
-8
Let b(x) = -2*x**2 + 5*x + 4. Give b(-3).
-29
Let d(k) = -k**3 - 5*k**2 + k + 5. Calculate d(-5).
0
Let v(a) = -a**2 - 13*a - 5. Determine v(-5).
35
Let n(q) = -q**3 - 13*q**2 + 3*q + 22. Determine n(-13).
-17
Let c(r) = -r**2 - 3*r + 926. What is c(29)?
-2
Let z(w) = -w**3 - 11*w**2 - w - 15. Determine z(-11).
-4
Let w(m) = m**2 + 2*m - 5. Give w(7).
58
Let a(s) = s + 5. Determine a(3).
8
Let y(r) = 2*r**3 + 21*r**2 + 12*r + 18. What is y(-10)?
-2
Let k(w) = w**3 - 9*w + 6. Calculate k(3).
6
Let b(n) = 2*n**3 + 3*n**2 + 6. Give b(3).
87
Let g(k) = k**3 + 13*k**2 + 5*k - 1. Give g(-13).
-66
Let g(l) = l - 45. Determine g(0).
-45
Let f(x) = 3*x**2 - x - 1. Calculate f(-2).
13
Let n(q) = q. Calculate n(20).
20
Let d(r) = r**2 + 2*r - 5. Give d(-6).
19
Let d(y) = -y**2 - 5*y - 2. Calculate d(-1).
2
Let h(p) = -2*p + 5. Calculate h(-10).
25
Let y(q) = q**3 + 10*q**2 + 13*q + 2. What is y(-9)?
-34
Let r(b) = -b**3 - b**2 + 9*b + 1. Calculate r(-3).
-8
Let l(q) = -12*q + 120. Give l(9).
12
Let u(p) = p**3 - 5*p**2 - 2*p - 4. Calculate u(5).
-14
Let m(p) = 3*p**2 - 37*p + 64. Calculate m(10).
-6
Let h(a) = a**3 - 19*a**2 + 78*a - 1. Calculate h(6).
-1
Let f(u) = -6*u**2 + u. Give f(2).
-22
Let f(j) = j**3 + 4*j**2 - j + 3. Calculate f(-4).
7
Let n(k) = k**2 + 3*k + 3. Calculate n(-5).
13
Let y(s) = s - 6. Give y(3).
-3
Let w(y) = 9*y**3 - 3*y**2 - 3*y - 5. Determine w(-2).
-83
Let v(l) = -l**3 + 29*l**2 + 3*l - 97. Determine v(29).
-10
Let a(n) = 2*n**2 + 28*n - 5. Determine a(0).
-5
Let w(a) = 3*a - 13. What is w(6)?
5
Let l(c) = -c**3 + 13*c**2 - 33*c + 25. What is l(10)?
-5
Let m(t) = -3*t + 27. Calculate m(6).
9
Let c(r) = -2*r**3 + 2*r**2 + 14*r - 4. Determine c(4).
-44
Let f(c) = c**2 + 3*c - 13. What is f(-6)?
5
Let f(s) = -3*s**2 - 9*s - 9. Give f(4).
-93
Let a(m) = 3*m + 19. Determine a(-4).
7
Let b(y) = -3*y - 7. Give b(3).
-16
Let a(n) = -3*n - 28. What is a(-11)?
5
Let p(d) = 3*d**2 + 9. Calculate p(0).
9
Let m(h) = 5*h. Calculate m(-2).
-10
Let v(z) = -2*z - 5. Determine v(-4).
3
Let z(o) = 8*o + 259. Determine z(-33).
-5
Let g(l) = 2*l**3 + 23*l**2 - 71*l - 21. Give g(-14).
-7
Let u(t) = t**2 + 5*t + 16. Calculate u(-7).
30
Let p(l) = l**3 + 11*l**2 + 10*l + 3. Give p(-10).
3
Let j(i) = -5*i + 62. What is j(26)?
-68
Let p(a) = 7*a**2 + 36*a + 15. Calculate p(-5).
10
Let b(t) = -t**3 - 7*t**2 - 4*t + 8. Calculate b(-6).
-4
Let b(g) = 33*g**3 - g. Determine b(-1).
-32
Let s(m) = m**3 - 10*m**2 - 10*m - 4. Calculate s(11).
7
Let o(m) = m**3 - 16*m**2 - 15*m - 29. Calculate o(17).
5
Let a(r) = 2*r**2 + 13*r + 10. What is a(-7)?
17
Let f(w) = 6*w + 10. Give f(-8).
-38
Let j(c) = -136*c + 14. What is j(-1)?
150
Let k(q) = -9*q**3 + 2*q - 1. Calculate k(2).
-69
Let o(y) = 2*y**2 + 4*y - 6. What is o(-4)?
10
Let d(s) = -s**3 - 4*s**2 - 3*s - 3. Calculate d(-2).
-5
Let f(j) = -8*j**2 - j + 2. What is f(1)?
-7
Let k(b) = -b - 4. Calculate k(-8).
4
Let t(j) = 2*j + 19. What is t(-12)?
-5
Let y(v) = -v**2 + 7*v + 8. What is y(7)?
8
Let s(u) = -u**2 + 35*u - 49. Calculate s(33).
17
Let r(u) = u**2 + 31*u + 58. Determine r(-28).
-26
Let w(i) = -2*i + 35. Give w(18).
-1
Let s(w) = -16*w - 22. Calculate s(-2).
10
Let r(w) = w**3 - w**2 - w - 6. Give r(0).
-6
Let t(n) = -n**3 - 14*n**2 + 17*n + 4. What is t(-15)?
-26
Let n(b) = -21*b - 5. Determine n(-2).
37
Let v(i) = 2*i - 40. Calculate v(18).
-4
Let v(a) = -72*a - 580. Give v(-8).
-4
Let m(p) = -21*p + 4. Calculate m(1).
-17
Let a(z) = -z**2 - z + 5. What is a(0)?
5
Let i(b) = -b**3 + 6*b**2 + b - 6. What is i(6)?
0
Let d(w) = -2*w - 26. Calculate d(-11).
-4
Let s(d) = d**3 + 11*d**2 - 22*d + 34. Calculate s(-13).
-18
Let y(r) = 17*r - 82. Calculate y(5).
3
Let v(m) = 2*m**3 + 21*m**2 + 28*m + 17. Determine v(-9).
8
Let s(v) = -2*v**3 - 5*v**2 + 11*v + 19. What is s(-3)?
-5
Let p(g) = -g**3 - 7*g**2 - 2*g + 11. What is p(-6)?
-13
Let z(j) = 45*j**2 - j - 1. Give z(1).
43
Let f(d) = d**3 - 9*d**2 + 12*d - 10. What is f(8)?
22
Let y(x) = x**3 - 8*x**2 - 5*x - 25. What is y(9)?
11
Let q(c) = c**3 - 4*c**2 + c + 10. Determine q(3).
4
Let k(z) = z**3 + 12*z**2 - z - 5. Calculate k(-12).
7
Let k(p) = -7*p - 21. Calculate k(-4).
7
Let t(m) = 5*m + 60. What is t(-11)?
5
Let p(h) = -h**3 + 11*h**2 + 15*h + 13. What is p(12)?
49
Let y(v) = -v + 11. What is y(-20)?
31
Let i(z) = -z**2 - 2*z. Calculate i(4).
-24
Let o(w) = -w**2 + 2*w - 1. Calculate o(4).
-9
Let d(m) = -m**3 + 3*m**2 - m - 2. Give d(3).
-5
Let o(l) = -3*l + 50. Calculate o(15).
5
Let f(g) = -g**3 - 2*g**2 + 3*g + 10. Determine f(-3).
10
Let a(b) = 45*b + 953. Determine a(-21).
8
Let a(b) = 4*b**2 - 213*b + 37. Give a(53).
-16
Let w(h) = -h**2 + 2*h + 22. Give w(7).
-13
Let z(d) = d - 20. Give z(15).
-5
Let w(t) = -2*t**2 + 12*t - 8. What is w(6)?
-8
Let n(s) = -s - 6. Calculate n(-7).
1
Let p(g) = g**2 + 18*g - 87. Give p(-22).
1
Let x(h) = h - 14. What is x(3)?
-11
Let x(s) = -s**2 + 14. Calculate x(6).
-22
Let y(l) = -l**3 - l**2 + l. Determine y(1).
-1
Let v(q) = -3*q**2 + 22*q - 71. What is v(4)?
-31
Let l(s) = 8*s**2 + 31*s - 2. Calculate l(-4).
2
Let d(z) = -6*z**3 + 2*z**2 + 1. Determine d(2).
-39
Let s(w) = -2*w**3 - 5*w**2 + 3*w. Determine s(3).
-90
Let q(c) = 23*c**2 - c - 2. Calculate q(-1).
22
Let w(b) = b**3 - 3*b**2 + 4*b + 2. Determine w(3).
14
Let a(h) = -h**2 - 17*h - 2. Calculate a(-7).
68
Let q(n) = n**3 - 8*n**2 + 16*n - 122. Calculate q(8).
6
Let r(l) = l**2 + 27*l - 876. What is r(19)?
-2
Let y(r) = -3*r**2 - 23*r - 9. What is y(-7)?
5
Let f(p) = 5*p**2 - 46*p - 7. Calculate f(10).
33
Let u(y) = -y**2 + 16*y + 7. Determine u(6).
67
Let o(w) = w**3 + 2*w**2 - 3*w - 3. Give o(-3).
-3
Let f(b) = -41*b + 235. What is f(6)?
-11
Let d(n) = -3*n + 51. Give d(0).
51
Let f(w) = -7*w + 50. Determine f(5).
15
Let x(s) = 15*s**2 + 3*s + 2. Determine x(-1).
14
Let l(b) = -4*b + 57. Determine l(18).
-15
Let c(z) = -24*z - 286. Determine c(-12).
2
Let u(w) = 3*w - 22. What is u(9)?
5
Let y(j) = -j**2 + 2. Calculate y(5).
-23
Let z(p) = -2*p**2 + 2*p - 1. Calculate z(1).
-1
Let p(m) = m**3 + 3*m**2 + 4*m. Give p(3).
66
